est common divisor of 445078944 and 16.
16
Calculate the greatest common divisor of 3390136 and 610.
122
Calculate the greatest common factor of 88 and 1187512.
8
What is the greatest common divisor of 5196550 and 3225?
1075
What is the greatest common divisor of 48 and 284476812?
12
What is the highest common factor of 20401 and 11895557?
887
Calculate the highest common divisor of 2885 and 38845948.
577
What is the highest common divisor of 1197 and 112259196?
63
What is the highest common factor of 22568 and 113352616?
3224
What is the highest common divisor of 525 and 10724308?
7
Calculate the greatest common factor of 342002 and 59314.
1262
Calculate the highest common divisor of 1924090 and 2135.
35
What is the greatest common divisor of 10668 and 2625852?
1524
What is the highest common divisor of 1055709 and 63?
9
Calculate the greatest common factor of 854061 and 78.
39
Calculate the greatest common factor of 29 and 112281852.
29
What is the greatest common factor of 127631 and 7427?
7
Calculate the highest common factor of 41478 and 797196.
186
What is the highest common factor of 256084864 and 2177?
2177
Calculate the greatest common divisor of 27 and 3141.
9
Calculate the highest common factor of 188439 and 6072.
69
Calculate the highest common divisor of 590334 and 2298.
6
What is the highest common factor of 826758 and 14076?
414
Calculate the highest common divisor of 4704 and 1143312.
48
Calculate the highest common factor of 291 and 21896489.
97
Calculate the highest common factor of 52461 and 201630939.
5829
Calculate the highest common factor of 99765875 and 14060.
185
What is the greatest common factor of 2275 and 5881525?
325
What is the highest common factor of 378 and 45473496?
6
What is the greatest common divisor of 196163284 and 22688?
2836
Calculate the highest common factor of 1882359 and 306.
153
What is the greatest common factor of 1406 and 82612342?
1406
What is the highest common divisor of 11160 and 85690?
10
Calculate the greatest common factor of 35220 and 31440.
60
Calculate the highest common divisor of 7256 and 85007668.
3628
Calculate the highest common divisor of 1739 and 11224070.
47
Calculate the greatest common divisor of 12498535 and 28.
7
Calculate the highest common factor of 222 and 1690863.
111
Calculate the greatest common factor of 1961258 and 61937.
241
Calculate the highest common factor of 38094 and 441.
21
Calculate the greatest common factor of 812 and 1251677.
7
Calculate the greatest common divisor of 1983459086 and 14.
14
What is the highest common factor of 1290411 and 7695?
81
Calculate the greatest common factor of 517512 and 924.
12
What is the highest common factor of 284570048 and 2240?
448
Calculate the highest common divisor of 44 and 7980390.
22
What is the greatest common divisor of 16 and 51081928?
8
What is the highest common divisor of 2514 and 32874?
6
Calculate the greatest common divisor of 36 and 155879649.
9
Calculate the greatest common divisor of 6579 and 448069.
17
What is the highest common divisor of 10 and 877096?
2
Calculate the greatest common divisor of 1206 and 534672.
18
Calculate the highest common factor of 30249356 and 964.
964
Calculate the greatest common divisor of 711 and 93141.
711
Calculate the highest common divisor of 255 and 168726275.
85
What is the greatest common divisor of 2563286 and 13266?
1474
Calculate the greatest common factor of 3 and 391040742.
3
Calculate the greatest common factor of 3132 and 4270308.
348
Calculate the highest common divisor of 562680 and 495.
45
Calculate the highest common factor of 120320 and 59299712.
6016
Calculate the greatest common factor of 40352 and 147731.
97
Calculate the highest common divisor of 203931 and 4565249.
1079
Calculate the greatest common factor of 194355 and 347235.
105
Calculate the greatest common factor of 2 and 64781614.
2
Calculate the greatest common divisor of 1875 and 14413125.
1875
What is the highest common divisor of 2344 and 907421?
293
What is the greatest common divisor of 59 and 519065480?
59
Calculate the greatest common divisor of 2174 and 10708037.
1087
Calculate the highest common factor of 667686 and 98688.
1542
What is the greatest common divisor of 948218 and 9270?
206
Calculate the highest common divisor of 2096535 and 20.
5
What is the highest common divisor of 296684476 and 5236?
748
Calculate the highest common factor of 4163332 and 8.
4
Calculate the highest common factor of 24976176 and 128592.
2256
What is the greatest common divisor of 1659056 and 7616?
112
What is the highest common divisor of 80 and 3757225?
5
Calculate the highest common divisor of 3196675 and 8100.
25
Calculate the highest common factor of 891 and 108256203.
297
Calculate the highest common factor of 47298631 and 53.
53
Calculate the highest common factor of 1936648 and 602.
14
What is the highest common divisor of 22096839 and 64293?
2217
Calculate the highest common factor of 780 and 3264144.
156
What is the greatest common factor of 437188998 and 6?
6
Calculate the highest common factor of 282 and 183140952.
282
Calculate the highest common factor of 3300 and 2367552.
132
What is the highest common factor of 6316002 and 34100?
682
Calculate the highest common factor of 3550771 and 1085.
217
What is the highest common factor of 537 and 1344111?
537
What is the greatest common factor of 1856844 and 147258?
162
Calculate the greatest common divisor of 5595 and 119619235.
1865
What is the highest common factor of 241563 and 273?
21
Calculate the highest common factor of 2160 and 1516710.
30
What is the highest common divisor of 4674 and 2831190?
114
What is the highest common factor of 182 and 61602086?
182
What is the highest common divisor of 623 and 2494793?
7
Calculate the greatest common divisor of 275256304 and 64.
16
What is the highest common factor of 159 and 102341569?
53
Calculate the highest common divisor of 344 and 6353723.
43
Calculate the highest common divisor of 1875 and 8405250.
375
What is the greatest common factor of 210516 and 329501?
53
What is the greatest common factor of 223516 and 69373?
173
What is the highest common divisor of 80848 and 1870751?
163
What is the highest common factor of 296 and 41163684?
148
What is the greatest common factor of 4035413 and 19960?
499
What is the highest common factor of 79608 and 26643?
321
What is the highest common factor of 1451307 and 24123?
561
Calculate the greatest common divisor of 13615 and 28105.
35
What is the greatest common divisor of 1388569 and 14742?
91
What is the highest common factor of 5072 and 10166224?
16
What is the highest common divisor of 234 and 20670102?
18
Calculate the highest common divisor of 2 and 292069.
1
What is the highest common divisor of 2673 and 1206422019?
891
What is the greatest common factor of 1690320 and 105?
15
What is the highest common divisor of 1824 and 2028336?
48
Calculate the highest common divisor of 8 and 28764968.
8
Calculate the highest common factor of 690 and 47775669.
69
What is the highest common divisor of 943927 and 2138?
1069
Calculate the greatest common factor of 76 and 116731.
1
What is the highest common factor of 212162 and 2455816?
86
What is the greatest common factor of 1122660 and 220220?
1540
What is the highest common factor of 31 and 119961444?
31
What is the greatest common divisor of 75237960 and 1680?
840
What is the highest common factor of 22 and 3655795?
11
Calculate the greatest common divisor of 1132 and 159844909.
283
Calculate the highest common factor of 294231 and 2261.
7
What is the greatest common divisor of 7875760 and 5984?
272
What is the highest common factor of 1419227 and 271?
271
What is the highest common factor of 33671 and 2563?
11
What is the highest common divisor of 2181840 and 448?
16
What is the highest common factor of 33351709 and 103?
103
What is the greatest common divisor of 17270050 and 14?
14
Calculate the greatest common divisor of 22616 and 19895398.
514
Calculate the highest common divisor of 1239772 and 710332.
4412
What is the highest common divisor of 5497 and 56787?
23
Calculate the highest common divisor of 8932503 and 148.
37
What is the greatest common divisor of 11655 and 5496165?
1665
What is the gr